f = -2 + 4. Suppose -f*o + 3*o - 26 = 0. Suppose 2*y = 4*y - o. Calculate the greatest common divisor of 13 and y.
13
Let o be ((-8)/(-6))/(2/3). Suppose -5*y + 2*w = -0*w - 11, -y + 7 = o*w. Suppose 3*q = 12, 26 + 27 = f + 5*q. What is the highest common factor of f and y?
3
Let l be (-25)/10*-2*2. What is the greatest common divisor of 2 and l?
2
Let u be 1 - (-2 - -3 - 30). Calculate the highest common factor of u and 12.
6
Let g(y) = y**2 + y - 3. Let a be g(-6). Let z(u) = 11*u**2 + 3*u - 5. Let x be z(1). Calculate the greatest common factor of a and x.
9
Suppose 82 = 8*s - 94. What is the highest common divisor of s and 66?
22
Suppose -5*d + 213 = 2*h, -2*d + 210 = 2*h - 0*d. What is the greatest common divisor of h and 13?
13
Suppose -f = -22 + 98. Let l be (-1034)/(-7) + 2/7. Let w = f + l. What is the greatest common divisor of 9 and w?
9
Suppose 12*n + 49 = 277. Calculate the highest common divisor of 209 and n.
19
Let d = -125 + 213. What is the greatest common factor of d and 8?
8
Let q(w) = -w + 10. Let s be q(0). Let g = -25 + 28. Let z(f) = 10*f - 5. Let k be z(g). Calculate the greatest common factor of s and k.
5
Suppose 0 = -4*z + 5 + 7, x + 2*z - 17 = 0. Calculate the highest common factor of 99 and x.
11
Suppose 9 = -t - 3*b, -5*b + 4*b + 1 = -t. Let y be (-42)/t*12/14. Let l(u) = u**2 + 8. Let i be l(-10). Calculate the greatest common divisor of y and i.
12
Let s be 4/6*126/12. What is the highest common factor of 3 and s?
1
Let s = 68 - 66. What is the greatest common factor of 20 and s?
2
Suppose 3*v + v = 76. Let g be 12/(-54) - (1384/18)/(-4). Calculate the greatest common divisor of g and v.
19
Suppose 5*c = -4*n + 105, -3*n - 3*c + 5*c + 96 = 0. What is the highest common factor of n and 25?
5
Let x be 655/25 - (-2)/(-10). Calculate the greatest common divisor of 13 and x.
13
Suppose 0 = -4*z - 3*k - 3, 3*k - 15 = 3*z - 39. Let s = 16 - 10. Calculate the highest common factor of z and s.
3
Suppose 0 = -3*z - 3, -3*m - 6 - 25 = -2*z. Let s = m + 51. Suppose 4 = -3*h + s. What is the greatest common divisor of 30 and h?
6
Suppose 5*k + 3*i - 5 + 2 = 0, -5*k + 11 = i. Let g be 27*k/((-18)/(-14)). Calculate the highest common divisor of g and 9.
9
Suppose 8 + 52 = 4*f. Suppose -3*r = r - 20. Suppose -4*i + w + 20 = -w, r*i = -4*w + 25. Calculate the greatest common divisor of i and f.
5
Let a = -4 - -8. Let z be ((-3)/6)/(a/(-192)). Suppose -z = -g - g. What is the greatest common divisor of 12 and g?
12
Let m(l) = -l**3 - 8*l**2 + l + 10. Let u be m(-8). Suppose -u*b = -b - 9. What is the highest common divisor of b and 36?
9
Let x be 10/4 + (-27)/18. Calculate the highest common factor of x and 4.
1
Let u(v) = v**3 + 11*v**2 - 13*v - 16. Let b be u(-12). Let a = 12 + b. What is the highest common divisor of a and 4?
4
Suppose -2*x = -0*x + 54. Let u be x/(-2) - (-9)/18. Calculate the greatest common factor of 84 and u.
14
Let m = 19 + -32. Let n = 18 + m. Suppose 3*g + 3*z - 24 = 12, g = n*z + 12. Calculate the greatest common divisor of g and 8.
4
Let c(h) = -h**2 + 6*h + 16. Let d be c(7). What is the highest common factor of 72 and d?
9
Suppose -66 - 649 = -13*d. What is the highest common divisor of 33 and d?
11
Let h(n) = -18*n**3 + n**2 - n - 1. Let z be h(-1). Let m = -1209 + 1692. Let t = m + -312. What is the highest common factor of t and z?
19
Let z = 20 - 12. What is the highest common factor of 24 and z?
8
Suppose -m + 3 - 1 = 0. Calculate the greatest common divisor of 10 and m.
2
Suppose 0 = u + 2*u + 5*g - 86, -2*u + 60 = 4*g. Suppose -2*h - h = 60. Let b = h + 31. What is the greatest common factor of b and u?
11
Let j be 2*43/2*1. Let u = j - 20. Suppose -4*t + u - 3 = 0. What is the highest common divisor of 2 and t?
1
Let p = 2 - 2. Suppose 0 = 2*x - p*x - 20. What is the greatest common factor of 25 and x?
5
Let r = -20 + 18. Let s be 418/11 + (-4)/r. What is the greatest common divisor of s and 10?
10
Let p(d) be the second derivative of d**4/6 + 4*d**3/3 - 3*d**2 - 3*d. Let j be p(-6). Calculate the greatest common factor of j and 18.
18
Let c = -25 + 49. What is the highest common divisor of 192 and c?
24
Suppose 2*g - 217 = -h, 4*g = -h + 330 - 105. What is the greatest common divisor of h and 19?
19
Suppose 6*c - 69 - 75 = 0. What is the greatest common divisor of 40 and c?
8
Let j(w) = -4*w - 5. Let z be j(-2). What is the greatest common factor of 2 and z?
1
Let h(w) = 11*w + 4. Let m be h(7). Let d be 135/7 + (-14)/49. Let t = d + -10. What is the highest common divisor of t and m?
9
Let b be 8/20 + 2/(-5). Suppose -s + 3*l - 3 + 1 = b, 4*s - l - 36 = 0. Let j be 1*38 + (6 - 4). What is the greatest common divisor of s and j?
10
Let j = 0 - 0. Suppose j = p + 2*p - 12. Calculate the highest common divisor of 8 and p.
4
Let i(b) = -b**3 + 5*b**2 - 5*b + 10. Let y be i(4). Calculate the highest common factor of 6 and y.
6
Let j = -7 - -9. What is the greatest common factor of 4 and j?
2
Let r be (4/6)/(2/3). Suppose 0*b = -b + k - r, 4*k = 2*b + 4. Suppose -3*u - 5*p + 157 = 0, -8 = -4*p - b*p. What is the greatest common factor of 7 and u?
7
Let x be (-7)/5 + 2/5. Let n be x/(-2*(-1)/(-4)). Let t be (-1)/(n*(-1)/30). Calculate the highest common divisor of t and 10.
5
Let k(u) = 5*u - 36. Let w be k(14). Calculate the highest common divisor of w and 34.
34
Let d = -5 - -8. Suppose d*v = k - 0*k + 101, v + k = 31. What is the greatest common divisor of 3 and v?
3
Let o(x) = -x**2 + 17*x - 2. Let j be o(16). What is the greatest common divisor of 126 and j?
14
Let a be 1 + (2 + -1)*9. Suppose f + 3 = 4*x - 3, 5*f - 42 = -4*x. Let r = f - 4. What is the highest common factor of a and r?
2
Let l be (-10)/(-4) - 2/4. Let s = -41 + 55. What is the highest common divisor of l and s?
2
Suppose -2*p + 37 = -39. Calculate the highest common divisor of p and 19.
19
Suppose -8*l + 3*l + 15 = 0. Suppose 91 = 5*v + 16. What is the greatest common factor of v and l?
3
Let m be 1 - 1 - (4 + -4). Suppose m*z + z = 10. What is the greatest common factor of z and 110?
10
Suppose 160 = 5*p + 40. Suppose 5*n + 0*n = 300. What is the highest common factor of n and p?
12
Let l be -54*(14/(-6) + 1). Let z(f) be the second derivative of -f**3/3 + f**2 - 4*f. Let d be z(-3). What is the highest common divisor of l and d?
8
Let a(p) = -p**3 + 2*p**2 + 2*p - 2. Let v be a(2). Calculate the greatest common divisor of 3 and v.
1
Suppose 4*y = 3*y + 2*l + 1, l = y - 1. Suppose -2 = -h - y. Let x = h - -3. What is the highest common factor of 28 and x?
4
Let z(w) be the first derivative of -109*w**2/2 - w + 2. Let d be z(-1). Let p = -17 + 29. Calculate the greatest common factor of p and d.
12
Suppose -2*f - 295 = -4*r - 59, 0 = -3*r - 2*f + 184. Suppose -a + r = 3*a. Calculate the highest common factor of 5 and a.
5
Let f(g) = g. Let y(n) = 3*n + 13. Let o(k) = -f(k) - y(k). Let i be o(-10). Calculate the greatest common factor of i and 135.
27
Suppose 2*x = 5*u + 17, x - 8 - 2 = 4*u. Let n = -2 - -2. Suppose n*c - 36 = -2*c. What is the greatest common divisor of c and x?
6
Suppose 7*d = 6*d + 10. What is the highest common factor of 90 and d?
10
Suppose f + 4*o - 38 = o, -25 = -5*o. Calculate the greatest common factor of f and 253.
23
Let h be ((-12)/3 + 4)/(-2) - -1. What is the greatest common factor of h and 9?
1
Let u = -10 - -12. What is the highest common factor of u and 5?
1
Suppose 2*a = -3*a + 450. Suppose 2*d - 19 = 5. Let f be (15/d)/((-1)/(-8)). Calculate the highest common factor of a and f.
10
Let f(r) = 5*r - 14. Let o be f(7). What is the greatest common divisor of o and 189?
21
Let h(m) = m**2 - 5*m - 11. Let q be h(-5). Let c(d) = 2*d**2 + 5*d + 1. Let j be c(-5). What is the highest common factor of q and j?
13
Suppose -4*y = -3*y - 6. Suppose 0 = -y*q + q + 120. Suppose 0 = -h + 3*h - 72. Calculate the greatest common divisor of h and q.
12
Let u = -44 + 56. Calculate the highest common factor of 12 and u.
12
Let g = 13 - 7. Let k = -4 + 7. Calculate the highest common factor of k and g.
3
Suppose -4*p = -4*y + 52, -2*p - 5*y - 22 - 11 = 0. Let s be (-46)/p - 8/28. What is the highest common factor of 9 and s?
3
Let t = -16 + 22. Suppose r + t = 2*r. Suppose 3*v + 2*o - 5*o = 168, 2*v + 3*o 